2 - 27*q - 26. Let c be w(-13). Let r = c - -219. What are the prime factors of r?
37
List the prime factors of (-605500)/(-21) + 21/(-9).
11, 2621
Let g be (-760)/(-50)*(-10)/(-4). Suppose 4*s + 0*c + 32 = 2*c, -4*s + 5*c - g = 0. List the prime factors of 10/(-35) - 30/s.
2
Suppose -5*z - 36 - 487 = -d, 0 = -5*d + 5*z + 2635. Suppose -25 = -5*s, 7*s - 10*s - d = -3*l. What are the prime factors of l?
181
Let g = 3832 - 3589. List the prime factors of g.
3
Suppose -n = h - 822, -2620 = -4*h + n + 693. Let z = h + -492. What are the prime factors of z?
5, 67
Suppose 850 = -17*y + 63*y + 39*y. Let g(r) = -6*r**2 + 33*r + 19. Let o(d) = 3*d**2 - 16*d - 10. Let v(z) = 3*g(z) + 7*o(z). List the prime factors of v(y).
157
Let z(k) = -23*k**3 - 5*k**2 - 54*k - 388. What are the prime factors of z(-7)?
2, 11, 347
Suppose 5*s + 4*h - 68 = 10, 4*s = -5*h + 66. Let a be (-9)/6*4 - -60. Let k = a + s. List the prime factors of k.
2, 17
Let o = 2059 - 641. List the prime factors of o.
2, 709
What are the prime factors of (((-1290)/20)/(-43))/((-1)/(-6248)*2)?
2, 3, 11, 71
Suppose -8 = 2*d - 0*d. Suppose -7*k = -125*k - 23*k + 3666. What are the prime factors of (-24)/(-21)*k - d/14?
2, 3, 5
Suppose 30*w - 25*w - 4*b - 49753 = 0, -5*b = -2*w + 19891. List the prime factors of w.
37, 269
Suppose -1817 + 301 = -4*r. Let o = r - -418. List the prime factors of o.
797
Let s = -8 + 24. Suppose 4956 = s*l - 2*l. What are the prime factors of l?
2, 3, 59
Suppose 4*i + 2*t - 2506 = 0, 3*i = 6*i - t - 1867. Let r = i + -219. What are the prime factors of r?
3, 5
Suppose l + 4*y = 98, -232 = 2*l - 4*l + y. Suppose -3*k + 96 = l. List the prime factors of 489/(-2)*1/(k/4).
163
Suppose -14218 + 36216 = 34*c. What are the prime factors of c?
647
Let j be (-15273)/(-4)*16/84*14. What are the prime factors of (-4)/10 + j/30?
3, 113
Let t = 130 + -120. Let i(b) = 3*b**2 - 24*b + 66. What are the prime factors of i(t)?
2, 3, 7
Suppose 2*b = 2*a - 6422, -a + 3*b + 996 + 2225 = 0. What are the prime factors of a?
2, 7, 229
Let i(p) = 96*p**2 + 147*p - 877. List the prime factors of i(6).
3461
Let c(p) = -p**3 + 4*p**2 + p + 23. Let r = -81 + 86. Let u be c(r). Suppose s + 58 = u*s + f, -5*s + 4*f = -119. List the prime factors of s.
3
Let k(p) = -3*p**3 + 3*p**2 + 4*p + 2. Let t be k(-1). Suppose 8*z = 5*z + 3*i + 18, 5*z - 34 = t*i. Suppose z*w = w + 270. What are the prime factors of w?
2, 3, 5
Let c(y) = 9*y + 67. Let o be c(-8). Let i(h) = -8*h**3 - 7*h**2 + 12*h + 56. What are the prime factors of i(o)?
821
Let p(s) = -1975*s + 461. List the prime factors of p(-1).
2, 3, 7, 29
Let w(b) = -b**3 - b. Let k(v) = -6*v**3 + 24*v**2 - 38*v + 5. Let x(s) = -k(s) + 5*w(s). What are the prime factors of x(23)?
3, 5
Let n = 224 - 237. Let y be -1 + -32 - 2/(-2). Let o = n - y. List the prime factors of o.
19
Suppose 796020 + 2997210 = 222*c - 1700604. What are the prime factors of c?
3, 73, 113
Suppose 0 = -5*s - 4*q + 10, 5*s + 15*q - 5 = 12*q. What are the prime factors of (s/7)/((-52)/81172)?
2, 223
Suppose 0*o + 30 = -o. Let c = o - -40. Let s = c + 16. List the prime factors of s.
2, 13
Let t be (-293)/(-6) + 26/156. Suppose -t*v = -45*v - 644. List the prime factors of v.
7, 23
List the prime factors of 5/(-2)*(-71030)/25 + 7.
2, 3, 5, 79
Let r = -561 + 565. Suppose r*z - 902 = -46. List the prime factors of z.
2, 107
Let m(n) = n**2 + 10*n - 22. Let y be m(-12). Suppose -21 = -5*w + 2*i, 3*w - 4*i = w + y. What are the prime factors of 102 + -1 - (w - 4 - -2)?
2, 7
Let u(j) = -j**2 - 6*j - 6. Let r be u(-4). Suppose 24*t - 21 = 17*t. Suppose 0*i + 5*i - 4*g = 89, r*g = t*i - 53. What are the prime factors of i?
17
What are the prime factors of (-716896)/(-66) - (4809/(-693) + 7)?
2, 5431
Let z be 562/(-3)*(-27)/(-18). Let r = -128 - z. List the prime factors of r.
3, 17
Let w be (2/(-4))/((-1)/(8 + 2)). Suppose -3*b + 506 = -4*x, -b + 0*x + w*x = -165. Suppose 10*u - 1490 = -b. List the prime factors of u.
2, 3, 11
Suppose 16 = 3*l + 10. Suppose t - 10 = l*n - 3*t, -4 = n - t. Let x(f) = -17*f - 13. What are the prime factors of x(n)?
2, 19
Let k(v) = 51*v**2 + 7*v + 129. List the prime factors of k(-18).
3, 7, 787
Let p(o) = 8*o**2 - 256*o + 35. List the prime factors of p(50).
5, 1447
Let v(s) be the second derivative of -3*s**5/10 - s**4/4 - s**3/6 - 3*s**2/2 + 266*s + 2. Let l be (3/(-1))/((-2)/(-2)). List the prime factors of v(l).
3, 5
What are the prime factors of ((-44)/10)/((-61)/351970) + -10?
2, 12689
Let s be (-15)/12 + (-2)/(48/(-126)). Suppose -4*a - 4*z + 4764 = 0, -s*z = 3 - 11. List the prime factors of a.
29, 41
Let b = 33 + -26. Let f(d) = -20 + b*d + 38 - 63*d - 15. What are the prime factors of f(-2)?
5, 23
Suppose 0 = -2*y - 4, 0 = 2*v - 2*y - 358. Suppose 957 = 5*n + 2*w - 5*w, n - v = -3*w. Suppose 7*o - n = 1260. List the prime factors of o.
3, 23
Let x = 22064 + -13196. What are the prime factors of 5/(105/(-6)) + x/21?
2, 211
Suppose 2*a = 3*c + 118565, -47657 - 11621 = -a + 2*c. List the prime factors of a.
2, 17, 109
Let d = -359 - -598. Let y = d + -106. Suppose -3*c + c + n = -y, 2*c = -4*n + 118. List the prime factors of c.
5, 13
Let f be 4 + 2*(-4 - -129). Suppose 2*d + g + 0*g - f = 0, 4 = -g. Suppose -6*k = -d - 957. List the prime factors of k.
181
Suppose 0 = b + 3*r - 10155, -3*r - 635 = -644. List the prime factors of b.
2, 3, 19, 89
Let p(r) = -r**3 - 8*r**2 + 12*r - 15. Let l be p(-9). Let k = l + 115. Suppose 0 = -5*n, -4*n = -o + 255 - k. List the prime factors of o.
2, 7, 13
Suppose -2*l = 2*a - 7036, -295 = 2*a + l - 7325. List the prime factors of a.
2, 439
Suppose u + 2*d = -2*d + 4, 2*u - 3*d - 8 = 0. Let b(n) = 0*n + u*n + 3*n + 2 - 8*n. List the prime factors of b(-5).
7
Let z(x) = -x**3 - 90*x**2 - 103*x + 153. List the prime factors of z(-89).
1399
Let j be (38 + -8)/((2/(-34))/(-1)). List the prime factors of ((-2)/(-5))/(1/j).
2, 3, 17
Suppose 0 = z - 3*c + 1, -40*c + 43*c = -3. Let v(k) = -2 + 0*k + k**2 - 4*k - 3*k. List the prime factors of v(z).
2, 3, 7
Suppose -9*d = -12 + 12. Suppose d = -5*j + 1121 + 824. List the prime factors of j.
389
Suppose -12*l + 23957 + 13749 = -46126. List the prime factors of l.
2, 7, 499
Let y = 19853 + -11127. What are the prime factors of y?
2, 4363
Let s be (-31)/(-7) + 108/(-252). Suppose -s*w + 3*w - 2*y + 195 = 0, -3*y = 2*w - 393. List the prime factors of w.
3, 67
Let h = 16636 - 2370. What are the prime factors of h?
2, 7, 1019
Let g(p) = 665*p - 27. Let r be g(3). Suppose -17*w = -25*w + r. List the prime factors of w.
2, 3, 41
Let i(r) = 89*r + 1881. What are the prime factors of i(-21)?
2, 3
Suppose -180*j - 43302 = -186*j. List the prime factors of j.
7, 1031
Let q(x) = -2*x**3 + 74*x**2 - 78*x - 26. List the prime factors of q(32).
2, 17, 227
Let a(s) = -s**3 - 48*s**2 - 118*s - 84. What are the prime factors of a(-46)?
2, 139
Let f(k) = 936*k - 2397. List the prime factors of f(6).
3, 29, 37
Let i = -26303 - -45946. What are the prime factors of i?
13, 1511
List the prime factors of (-8 + 374/44)/(48250/(-48252) - -1).
3, 4021
Let t be (-3731)/5 + 168/(-210). Let w = t - -1350. What are the prime factors of w?
3, 67
Let r(a) = 37*a + 19. Let f be r(10). Suppose 0 = 5*k + 4*s - 2305, -2*k + 540 + f = 3*s. List the prime factors of k.
457
Let a = -20 + 145. Suppose -4*l = -2*s - 276, -a - 21 = -2*l + 3*s. List the prime factors of l.
67
Let f(c) = -3*c**2 + 10*c**2 - 3 - 2*c - 2*c**2. Let m be f(3). Suppose m - 63 = -u. List the prime factors of u.
3
List the prime factors of (815180/15)/((-348)/(-261)).
40759
Let l be ((-3)/((-9)/168))/(3/102). Suppose -6*s + l = 4*i - 8*s, -s = 4*i - 1892. What are the prime factors of i?
2, 3, 79
Suppose -5*c + 2*j + 27593 = -18004, 0 = 4*c - 2*j - 36478. What are the prime factors of c?
11, 829
Let s = -734 - -177. Let x = s - -1086. What are the prime factors of x?
23
Let l be -3*(-1)/(-6) + 153/2. Suppose l*x - 73*x = 2727. What are the prime factors of x?
3, 101
Let z(d) = d**3 - 4*d**2 + 19*d - 11. Let p be z(9). Let o = p - 105. Suppose -7*r + 1503 = o. List the prime factors of r.
149
Let j(d) = 8*d + d**3 - 20 + 15*d**2 - 9*d + 9*d + 3*d. Let t be j(-14). Suppose 3*r = c - t, 0 = c - 5*c + 2*r + 38. What are the prime fact